{"id":1555,"date":"2021-04-26T00:30:25","date_gmt":"2021-04-25T22:30:25","guid":{"rendered":"https:\/\/atelierdoriente.it\/?post_type=product&#038;p=1555"},"modified":"2022-11-18T00:01:22","modified_gmt":"2022-11-17T23:01:22","slug":"arazzo-albero-della-vita-klimt","status":"publish","type":"product","link":"https:\/\/atelierdoriente.it\/?product=arazzo-albero-della-vita-klimt","title":{"rendered":"Arazzo &#8220;Albero della vita&#8221; Klimt"},"content":{"rendered":"<h3><strong>LE OPERE PIU&#8217; FAMOSE E AMATE ISPIRANO UN COMPLEMENTO SENZA TEMPO.<br \/>\n<\/strong><\/h3>\n<h3><span class=\"d2edcug0 hpfvmrgz qv66sw1b c1et5uql oi732d6d ik7dh3pa ht8s03o8 a8c37x1j keod5gw0 nxhoafnm aigsh9s9 d3f4x2em fe6kdd0r mau55g9w c8b282yb iv3no6db jq4qci2q a3bd9o3v knj5qynh oo9gr5id\" dir=\"auto\">Arazzo ispirato da &#8220;L&#8217;albero della vita&#8221; Gustav Klimt.<\/span><\/h3>\n<h3>L&#8217;arazzo &#8220;Albero della vita&#8221; \u00e8 in tessuto jacquard con filati di cotone, viscosa e trame in lurex.<\/h3>\n<h3>Non c\u2019\u00e8 nulla di stampato, tutto \u00e8 creato interamente da intrecci di filati.<\/h3>\n<h3>L&#8217;opera:<\/h3>\n<h3>&#8220;L&#8217;albero della vita&#8221; Gustav Klimt<\/h3>\n<h3>Klimt f\u00f9 designato realizzatore del fregio decorativo previsto per la sala da pranzo dell&#8217;abitazione dell&#8217;industriale <i>Adolphe Stoclet. G<\/i>li affid\u00f2, senza porre alcun limite di spesa, la realizzazione della sua residenza a <i>Bruxelles<\/i> alla <i>Wiener Werkst\u00e4tte.\u00a0<\/i><\/h3>\n<h3>Tra i rami dell&#8217;albero spiccano numerosi elementi ornamentali, tra i quali svariati fiori caratteristici per la loro forma a occhi egizi. L&#8217;albero della vita, che rappresenta la salvezza giunta ai pagani dopo l&#8217;apocalisse, \u00e8 il simbolo dell&#8217;et\u00e0 dell&#8217;oro e richiama ancora una volta un tema molto ricorrente nelle opere di Klimt: il ciclo della vita, nonch\u00e9 delle stagioni, e il ciclo ininterrotto che conduce dalla morte alla rinascita.<\/h3>\n<h3>Viene anche interpretato come albero della conoscenza che conduce nel Giardino dell&#8217;Eden; Josef Hoffmann lo descrive come:<\/h3>\n<table class=\"citazione-table\">\n<tbody>\n<tr>\n<td>\n<h3>&#8220;Il giardino dell\u2019arte e dell\u2019amore che a differenza di quello in cui si affaccia il Palazzo Stoclet, non sarebbe mai appassito.&#8221;<\/h3>\n<\/td>\n<\/tr>\n<\/tbody>\n<\/table>\n<h3><\/h3>\n<h3>Scopri anche il nostro servizio <a href=\"https:\/\/www.carpetlab.it\/\" target=\"_blank\" rel=\"noopener\">CarpetLab<\/a><\/h3>\n<p>&nbsp;<\/p>\n<p>&nbsp;<\/p>\n","protected":false},"excerpt":{"rendered":"<p><span class=\"descr\">Lavorazione:<\/span> Telaio meccanizzato<br \/>\n<span class=\"descr\">Misura:<\/span> 1,50 X 0,62<br \/>\n<span class=\"descr\">Ordito:<\/span> cotone\/viscosa<br \/>\n<span class=\"descr\">Provenienza:<\/span> Italia<\/p>\n<p>Con Filati in lurex oro.<\/p>\n<p>Arazzo foderato realizzato a telaio in cotone\/viscosa con tasca passabarra.<\/p>\n<p>&nbsp;<\/p>\n","protected":false},"featured_media":1556,"comment_status":"closed","ping_status":"closed","template":"","meta":{"_monsterinsights_skip_tracking":false,"_monsterinsights_sitenote_active":false,"_monsterinsights_sitenote_note":"","_monsterinsights_sitenote_category":0,"_joinchat":[]},"product_brand":[],"product_cat":[34],"product_tag":[173,164,172,168,166,165,169],"class_list":{"0":"post-1555","1":"product","2":"type-product","3":"status-publish","4":"has-post-thumbnail","6":"product_cat-arazzi","7":"product_tag-albero-della-vita","8":"product_tag-arazzo","9":"product_tag-arazzo-albero-della-vita","10":"product_tag-arazzo-bacio","11":"product_tag-arazzo-bisce-dacqua","12":"product_tag-arazzo-gustav-klimt","13":"product_tag-bacio-klimt","14":"pa_altezza-171","15":"pa_base-127","17":"first","18":"instock","19":"sale","20":"shipping-taxable","21":"purchasable","22":"product-type-simple"},"_links":{"self":[{"href":"https:\/\/atelierdoriente.it\/index.php?rest_route=\/wp\/v2\/product\/1555","targetHints":{"allow":["GET"]}}],"collection":[{"href":"https:\/\/atelierdoriente.it\/index.php?rest_route=\/wp\/v2\/product"}],"about":[{"href":"https:\/\/atelierdoriente.it\/index.php?rest_route=\/wp\/v2\/types\/product"}],"replies":[{"embeddable":true,"href":"https:\/\/atelierdoriente.it\/index.php?rest_route=%2Fwp%2Fv2%2Fcomments&post=1555"}],"wp:featuredmedia":[{"embeddable":true,"href":"https:\/\/atelierdoriente.it\/index.php?rest_route=\/wp\/v2\/media\/1556"}],"wp:attachment":[{"href":"https:\/\/atelierdoriente.it\/index.php?rest_route=%2Fwp%2Fv2%2Fmedia&parent=1555"}],"wp:term":[{"taxonomy":"product_brand","embeddable":true,"href":"https:\/\/atelierdoriente.it\/index.php?rest_route=%2Fwp%2Fv2%2Fproduct_brand&post=1555"},{"taxonomy":"product_cat","embeddable":true,"href":"https:\/\/atelierdoriente.it\/index.php?rest_route=%2Fwp%2Fv2%2Fproduct_cat&post=1555"},{"taxonomy":"product_tag","embeddable":true,"href":"https:\/\/atelierdoriente.it\/index.php?rest_route=%2Fwp%2Fv2%2Fproduct_tag&post=1555"}],"curies":[{"name":"wp","href":"https:\/\/api.w.org\/{rel}","templated":true}]}}